{"id":792,"date":"2011-01-27T10:48:06","date_gmt":"2011-01-27T10:48:06","guid":{"rendered":"http:\/\/alexmaja.ee\/alexmaja\/?page_id=792"},"modified":"2024-09-21T11:20:30","modified_gmt":"2024-09-21T11:20:30","slug":"endla","status":"publish","type":"page","link":"http:\/\/alexmaja.ee\/alexmaja\/?page_id=792","title":{"rendered":"Teatripakett"},"content":{"rendered":"<table style=\"width: 900px; height: 100%;\" border=\"0\" cellspacing=\"0\" align=\"center\">\n<tbody>\n<tr>\n<td style=\"width: 900px; height: 100%;\">\n<table id=\"linkID1\" style=\"width: 32.4517%; height: 316px;\" border=\"0\" cellspacing=\"0\" align=\"left\">\n<tbody>\n<tr>\n<td style=\"background-color: #63493b; width: 96.6102%;\" width=\"287\"><img loading=\"lazy\" class=\"wp-image-6373 size-thumbnail aligncenter\" title=\"Endla teater\" src=\"http:\/\/alexmaja.ee\/alexmaja\/wp-content\/uploads\/2022\/09\/Foto-Endla-teater-150x150.jpg\" alt=\"\" width=\"150\" height=\"150\" align=\"middle\" \/><\/p>\n<p><span style=\"color: #ffffff;\"><span style=\"font-family: Calibri;\"><span style=\"font-size: 14px;\"><span style=\"line-height: 115%; font-family: 'calibri','sans-serif';\"><strong>Paketi hind 2-le 105 \u20ac<br \/>\n<\/strong><\/span><\/span><\/span><span style=\"font-family: Calibri;\"><span style=\"line-height: 115%; font-family: 'calibri','sans-serif'; font-size: 10pt;\">(1.10 &#8211; 31.03)<br \/>\n<\/span><\/span><span style=\"font-family: georgia, serif; line-height: 115%;\">Erinevate toat\u00fc\u00fcpide lisatasu<\/span><span style=\"font-family: georgia, serif; font-size: 10px; line-height: 115%;\"> (\u00f6\u00f6p\u00e4eva hind toale)<\/span><\/span><\/p>\n<div><span style=\"color: #ffffff;\"><span style=\"font-family: Calibri;\"><span style=\"line-height: 115%; font-family: 'calibri','sans-serif'; font-size: 10pt;\"><span style=\"font-family: georgia,serif;\"><span style=\"font-size: 12px;\">Saunaga sviit\u00a0 \u00a0 \u00a0 \u00a0 \u00a0 \u00a0 60 \u20ac<\/span><br \/>\n<span style=\"font-size: 12px;\">Juuniorsviit\u00a0 \u00a0 \u00a0 \u00a0 \u00a0 \u00a0 \u00a0 25 \u20ac<\/span><span style=\"font-size: 10px;\"><br \/>\n<\/span><span style=\"font-size: 12px;\">Penthouse tuba\u00a0 \u00a0 \u00a0 \u00a0 40 \u20ac<\/span><span style=\"font-size: 10px;\"><br \/>\n<\/span><\/span><\/span><\/span><span style=\"font-family: Calibri;\">\u00a0<\/span><\/span><\/div>\n<div><span style=\"font-family: Calibri; color: #ffffff; font-size: 11px;\"><span style=\"font-family: georgia,serif;\">\u00a0<\/span><\/span><\/div>\n<div><span style=\"font-family: Calibri; color: #ffffff;\">\u00a0<\/span><\/div>\n<div><span style=\"color: #ffffff; font-size: 12px;\"><a style=\"color: #ffffff;\" href=\"http:\/\/www.endla.ee\/mangukava\" target=\"_blank\" rel=\"noopener noreferrer\"><span style=\"font-family: Calibri;\"><span style=\"font-family: georgia,serif;\">Teatri m\u00e4ngukava leia siit &#8230;<\/span><\/span><\/a><\/span><\/div>\n<div><\/div>\n<div><span style=\"font-family: Calibri;\">\u00a0<\/span><\/div>\n<div><span style=\"font-family: Calibri;\"><span style=\"font-size: 11px;\"><span style=\"font-family: georgia,serif;\"><span style=\"color: #d3d3d3;\"><a href=\"http:\/\/alexmaja.ee\/alexmaja\/?page_id=539\"><img loading=\"lazy\" class=\"aligncenter size-thumbnail wp-image-536\" title=\"telli\" src=\"http:\/\/alexmaja.ee\/alexmaja\/wp-content\/uploads\/2011\/01\/telli-150x20.png\" alt=\"\" width=\"150\" height=\"20\" srcset=\"http:\/\/alexmaja.ee\/alexmaja\/wp-content\/uploads\/2011\/01\/telli-150x20.png 150w, http:\/\/alexmaja.ee\/alexmaja\/wp-content\/uploads\/2011\/01\/telli.png 152w\" sizes=\"(max-width: 150px) 100vw, 150px\" \/><\/a><\/span><\/span><\/span><\/span><\/div>\n<div><span style=\"font-family: Calibri;\">\u00a0<\/span><\/div>\n<div><span style=\"font-size: 12px;\"><span style=\"font-family: Calibri;\"><span style=\"font-family: georgia,serif;\"><span style=\"color: #d3d3d3;\">Lisainfo\u00a0\u00a0 <a href=\"mailto:info@alexmaja.ee\">info@alexmaja.ee<\/a><\/span><\/span><\/span><\/span><\/div>\n<div><span style=\"font-size: 12px;\"><span style=\"font-family: Calibri;\"><span style=\"font-family: georgia,serif;\"><span style=\"color: #d3d3d3;\">Tel: 44 61 866<\/span><\/span><\/span><\/span><\/div>\n<div><span style=\"font-size: 12px;\"><span style=\"font-family: Calibri;\"><span style=\"font-family: georgia,serif;\"><span style=\"color: #d3d3d3;\">Mob: 53 484 092<br \/>\n<\/span><\/span><\/span><\/span><\/div>\n<div><span style=\"font-family: Calibri;\">\u00a0<\/span><\/div>\n<p><a href=\"http:\/\/alexmaja.ee\/alexmaja\/wp-content\/uploads\/Kaart.jpg\" target=\"_blank\" rel=\"noopener noreferrer\" rel=\"lightbox[792]\"><img loading=\"lazy\" class=\"size-thumbnail wp-image-741 alignleft\" style=\"color: #000000; font-family: georgia, serif; font-size: 14px; width: 150px; height: 100px;\" title=\"Sugar\" src=\"http:\/\/alexmaja.ee\/alexmaja\/wp-content\/uploads\/Kaart.jpg\" alt=\"\" width=\"150\" height=\"100\" align=\"right\" \/><\/a><\/td>\n<td style=\"width: 2.71186%;\" width=\"1\"><span style=\"color: #ffffff;\">\u00a0<\/span><\/td>\n<\/tr>\n<\/tbody>\n<\/table>\n<div>\n<table style=\"width: 542px; height: 501px;\" border=\"0\" cellspacing=\"1\" cellpadding=\"1\" align=\"left\">\n<tbody>\n<tr>\n<td><\/td>\n<\/tr>\n<tr>\n<td>\n<div align=\"center\"><strong><span style=\"color: windowtext; font-size: 16pt; font-family: 'book antiqua', palatino;\">Teatripakett Endla 2-le<br \/>\n<\/span><\/strong><\/div>\n<div align=\"center\"><\/div>\n<div align=\"center\"><\/div>\n<div align=\"center\"><span style=\"color: windowtext;\">Endla teatripaketiga soovime teile pakkuda mugavat teatrik\u00fclastust v\u00e4ikese puhkusega. Alex Maja hotelli ja Endla teatri vahetu l\u00e4hedus v\u00f5imaldab teil puhkuse nautimist alustada kohe hetkest kui hotelli j\u00f5uate!<\/span><\/div>\n<div align=\"center\"><\/div>\n<div style=\"margin: 0cm 0cm 0pt -7.1pt;\"><span style=\"font-size: 14px;\"><span style=\"font-family: georgia,serif;\"><span style=\"color: windowtext;\">Pakett sisaldab:\u00a0\u00a0\u00a0\u00a0\u00a0\u00a0\u00a0\u00a0\u00a0\u00a0\u00a0\u00a0\u00a0\u00a0\u00a0\u00a0\u00a0\u00a0\u00a0\u00a0\u00a0\u00a0\u00a0\u00a0\u00a0\u00a0\u00a0\u00a0\u00a0\u00a0\u00a0\u00a0\u00a0<\/span><\/span><\/span><\/div>\n<div style=\"margin: 0cm 0cm 0pt -7.1pt;\"><span style=\"font-size: 14px;\"><span style=\"font-family: georgia,serif;\"><span style=\"color: windowtext;\">\u2666\u00a0 Majutus hubases\u00a0kaheinimese toas<br \/>\n<\/span><\/span><span style=\"font-family: georgia,serif;\"><span style=\"color: windowtext;\">\u2666 \u00a0H\u00f5rgutav kohv koos klaasikese br\u00e4ndi v\u00f5i lik\u00f6\u00f6riga hotelli baaris<\/span><\/span><\/span><\/div>\n<div style=\"margin: 0cm 0cm 0pt -7.1pt;\"><span style=\"font-size: 14px;\"><span style=\"font-family: georgia,serif;\"><span style=\"color: windowtext;\">\u2666\u00a0 Teater Endla piletid Teie valitud etendusele <img loading=\"lazy\" class=\"alignright wp-image-6374\" src=\"http:\/\/alexmaja.ee\/alexmaja\/wp-content\/uploads\/2022\/09\/BrandyCofffee-GettyImages-95247854-7bf2c0474f694a96861de0eb068f3db1-150x150.jpg\" alt=\"\" width=\"125\" height=\"85\" srcset=\"http:\/\/alexmaja.ee\/alexmaja\/wp-content\/uploads\/2022\/09\/BrandyCofffee-GettyImages-95247854-7bf2c0474f694a96861de0eb068f3db1-300x204.jpg 300w, http:\/\/alexmaja.ee\/alexmaja\/wp-content\/uploads\/2022\/09\/BrandyCofffee-GettyImages-95247854-7bf2c0474f694a96861de0eb068f3db1-1024x696.jpg 1024w, http:\/\/alexmaja.ee\/alexmaja\/wp-content\/uploads\/2022\/09\/BrandyCofffee-GettyImages-95247854-7bf2c0474f694a96861de0eb068f3db1-768x522.jpg 768w, http:\/\/alexmaja.ee\/alexmaja\/wp-content\/uploads\/2022\/09\/BrandyCofffee-GettyImages-95247854-7bf2c0474f694a96861de0eb068f3db1-1536x1044.jpg 1536w, http:\/\/alexmaja.ee\/alexmaja\/wp-content\/uploads\/2022\/09\/BrandyCofffee-GettyImages-95247854-7bf2c0474f694a96861de0eb068f3db1-2048x1392.jpg 2048w, http:\/\/alexmaja.ee\/alexmaja\/wp-content\/uploads\/2022\/09\/BrandyCofffee-GettyImages-95247854-7bf2c0474f694a96861de0eb068f3db1-272x182.jpg 272w\" sizes=\"(max-width: 125px) 100vw, 125px\" \/><\/span><\/span><\/span><\/div>\n<div style=\"margin: 0cm 0cm 0pt -7.1pt;\"><span style=\"font-size: 14px;\"><span style=\"font-family: georgia,serif;\"><span style=\"color: windowtext;\">\u2666\u00a0 Hommikus\u00f6\u00f6k (8:00- 10:30)<br \/>\n\u2666\u00a0 V\u00f5imalusel tasuta hilist v\u00e4ljaregistreerimist<\/span><\/span><\/span><\/div>\n<div style=\"margin: 0cm 0cm 0pt -7.1pt;\">\n<p><span style=\"font-size: 14px;\"><span style=\"font-family: georgia,serif;\"><span style=\"color: windowtext;\">\u2666\u00a0 Tasuta auto parkimiskoht<\/span><\/span><\/span><\/p>\n<\/div>\n<p><strong><img loading=\"lazy\" class=\"alignnone size-full wp-image-731\" style=\"width: 37px; height: 21px;\" title=\"symbol\" src=\"http:\/\/alexmaja.ee\/alexmaja\/wp-content\/uploads\/2011\/01\/symbol.jpg\" alt=\"\" width=\"43\" height=\"30\" \/>\u00a0<span style=\"color: #000000;\">Maja ehteks on s\u00f5brad, kes seda k\u00fclastavad!<\/span>\u00a0<img loading=\"lazy\" class=\"alignnone size-full wp-image-731\" style=\"width: 37px; height: 21px;\" title=\"symbol\" src=\"http:\/\/alexmaja.ee\/alexmaja\/wp-content\/uploads\/2011\/01\/symbol.jpg\" alt=\"\" width=\"43\" height=\"30\" \/><\/strong><\/td>\n<\/tr>\n<\/tbody>\n<\/table>\n<\/div>\n<div style=\"text-align: justify; margin: 0cm 0cm 0pt -1cm;\"><\/div>\n<\/td>\n<\/tr>\n<\/tbody>\n<\/table>\n","protected":false},"excerpt":{"rendered":"<p>Paketi hind 2-le 105 \u20ac (1.10 &#8211; 31.03) Erinevate toat\u00fc\u00fcpide lisatasu (\u00f6\u00f6p\u00e4eva hind toale) Saunaga sviit\u00a0 \u00a0 \u00a0 \u00a0 \u00a0 \u00a0 60 \u20ac Juuniorsviit\u00a0 \u00a0 \u00a0 \u00a0 \u00a0 \u00a0 \u00a0 25 \u20ac Penthouse tuba\u00a0 \u00a0 \u00a0 \u00a0 40 \u20ac \u00a0 &hellip; <a href=\"http:\/\/alexmaja.ee\/alexmaja\/?page_id=792\">J\u00e4tka lugemist <span class=\"meta-nav\">&rarr;<\/span><\/a><\/p>\n","protected":false},"author":4,"featured_media":0,"parent":55,"menu_order":1,"comment_status":"closed","ping_status":"closed","template":"","meta":[],"_links":{"self":[{"href":"http:\/\/alexmaja.ee\/alexmaja\/index.php?rest_route=\/wp\/v2\/pages\/792"}],"collection":[{"href":"http:\/\/alexmaja.ee\/alexmaja\/index.php?rest_route=\/wp\/v2\/pages"}],"about":[{"href":"http:\/\/alexmaja.ee\/alexmaja\/index.php?rest_route=\/wp\/v2\/types\/page"}],"author":[{"embeddable":true,"href":"http:\/\/alexmaja.ee\/alexmaja\/index.php?rest_route=\/wp\/v2\/users\/4"}],"replies":[{"embeddable":true,"href":"http:\/\/alexmaja.ee\/alexmaja\/index.php?rest_route=%2Fwp%2Fv2%2Fcomments&post=792"}],"version-history":[{"count":92,"href":"http:\/\/alexmaja.ee\/alexmaja\/index.php?rest_route=\/wp\/v2\/pages\/792\/revisions"}],"predecessor-version":[{"id":6614,"href":"http:\/\/alexmaja.ee\/alexmaja\/index.php?rest_route=\/wp\/v2\/pages\/792\/revisions\/6614"}],"up":[{"embeddable":true,"href":"http:\/\/alexmaja.ee\/alexmaja\/index.php?rest_route=\/wp\/v2\/pages\/55"}],"wp:attachment":[{"href":"http:\/\/alexmaja.ee\/alexmaja\/index.php?rest_route=%2Fwp%2Fv2%2Fmedia&parent=792"}],"curies":[{"name":"wp","href":"https:\/\/api.w.org\/{rel}","templated":true}]}}